55) - 109/(-55) - (-59343)/11?
3
Let a(q) = -3360*q**3 - q**2 - 15*q - 36. What is the ten thousands digit of a(-2)?
2
Suppose 3*r + 2*x = 72790, -4*x - 136122 = -4*r - 39102. What is the units digit of r?
0
Let v(c) = -c**3 + 25*c**2 + 57*c - 36. Let j be v(27). Let g = -19 - -38. Let w = j + g. What is the units digit of w?
4
Suppose 35*f - 37*f + 37289 = 399. What is the hundreds digit of f?
4
Let y = 1622 + -1052. What is the hundreds digit of y?
5
Suppose 5*k = 10, a - k - 4*k = -6. Suppose 2*w + 6*g - a*g = 40, 0 = -g - 2. What is the tens digit of w?
2
Suppose -6*m + 455 = 47. Let f = -63 + m. Suppose c = 2*c + 2*k - 42, f*c + 5*k = 225. What is the tens digit of c?
4
Let m be ((-23)/35 - 3/21)*255. Let v be (-4)/(-1 + -3) - m. Suppose -6*j + j + v = 0. What is the tens digit of j?
4
What is the units digit of (-10 - (3 + -3))*9429/35*-1?
4
Suppose 5*u - 111 = -h + 11, 608 = 4*h - 4*u. What is the hundreds digit of (-3)/(21/(-3637)) - 84/h?
5
What is the ten thousands digit of 924979/88 + -6 - 15/120?
1
Let v(m) = -3*m**3 - m. Let q be v(0). Suppose q = -4*g - 3*g + 2310. What is the hundreds digit of g?
3
Let v(b) = 56*b**3 - 16*b**2 + 85*b - 4. What is the units digit of v(5)?
1
Suppose 101 + 21 = 2*c. Let h = -52 + c. What is the units digit of (-38)/171 + (-893)/h*-1?
9
Suppose 68*k + 411250 = 103*k. What is the tens digit of k?
5
Let w be (-8)/(-3)*45/60. Let i be (1 - w - -3)/((-2)/35). What is the hundreds digit of (-4255)/i - 3*3/(-21)?
1
Suppose 102*m = 47*m + 475035. What is the hundreds digit of m?
6
Suppose -5*u = q - 456, 10*q = 3*u + 3*q - 304. Suppose 5*w - 164 = y, 6*y = -3*w + 5*y + u. What is the tens digit of w?
3
Let c be 2/(-9) + -854*(-8)/(-36). What is the units digit of (c/(-57))/(1/27)?
0
Suppose -v - 3*u = -2*u - 44845, 0 = -u - 4. What is the tens digit of v?
4
Let w = -7727 + 14675. What is the tens digit of w?
4
Let t be (-76 + -2 + 3)*(6 - 5). Let p = t + 79. Suppose 2*y = p*y - 148. What is the units digit of y?
4
Let b = 17883 + -4832. What is the units digit of b?
1
Let q(h) = -5*h**3 - 3*h - 2. Let g be q(-3). Let o(p) = 4*p**2 - 4*p + 6. Let u be o(2). Suppose g = 6*s - u. What is the units digit of s?
6
Suppose -4*y = 2*m + 36559 - 169419, 5*y = 5*m - 332180. What is the thousands digit of m?
6
Suppose h - 57 + 0 = 0. Let t be (-22 - (0 - -1))/(19/h). Let a = -68 - t. What is the units digit of a?
1
What is the units digit of (2/(-1*6))/1 + 1797229/399?
4
Let i(z) = z**3 + 12*z**2 - 11*z + 28. Let v be i(-13). Suppose 3 = -g - 3*j, -j = -v*g - 2*g + 14. Suppose -u + 332 = g*u. What is the units digit of u?
3
Let g(m) = -3*m - m**3 + 11*m - 30*m**2 + 11 + 3 + 13 - 4. What is the units digit of g(-31)?
6
Let t(g) = -g**3 - 27*g**2 + 54*g - 41. Let u be t(-29). Let a = -4 - 1. Let z = u + a. What is the tens digit of z?
7
Let r be 0/(1 - (-4 - -4)). Suppose 2*y + 6 = 2*j, r*y - 3*y = 0. Suppose -n - 3*u - 26 = -5*n, j*n + u = 26. What is the units digit of n?
8
Suppose -32*n + 17868 = -5652. What is the units digit of n?
5
Suppose 72*g = -249 + 681. Let b(k) be the first derivative of k**3/3 - 5*k**2/2 + 21*k - 3. What is the tens digit of b(g)?
2
Let x = -14 - -10. Let y(p) = 2*p**3 + 6*p**2 - p - 4. Let d be y(x). What is the units digit of 0 + (-3 - (d + 4))?
5
Let r = 5423 - 77. What is the thousands digit of r?
5
Let x = 109 - 51. Let q = 58 - x. Suppose -4*i - 6 + 34 = q. What is the units digit of i?
7
Let b be (-4)/((-9)/6 + 1). Let j(c) = 74*c + 4. Let u be j(3). Suppose u = b*x - 6*x. What is the hundreds digit of x?
1
Let d = 8672 - 3545. What is the hundreds digit of d?
1
Let j(b) = -8050*b + 18. What is the thousands digit of j(-1)?
8
Let h = -6 - -9. Suppose -h*s + 3*z = -z + 4, -5*s = 2*z - 2. Let f = s + 30. What is the units digit of f?
0
Let q(p) = -p**2 - 7*p - 6*p - 2*p + 14*p + 7*p**3 + 1. Let j be q(3). Let v = j - 27. What is the units digit of v?
1
Let o = 4043 - -2340. What is the hundreds digit of o?
3
Suppose -59052 = -9*c - 5364 - 1434. What is the units digit of c?
6
Let o = -296 - -1322. Suppose -o = -170*u + 168*u. What is the hundreds digit of u?
5
Let f be (-2 + -2)/(2 - (-64)/(-40)). What is the units digit of -7*f/35*274?
8
Let z(b) = b**2 - 13*b + 26. Let g be z(11). Suppose 0 = -5*q + 3*w + 1804, -3*w + 8*w = -g*q + 1421. What is the units digit of q?
9
Let n = 25 - 20. Suppose -2*g = -3*g + n*a - 204, 0 = -2*g - 2*a - 432. What is the tens digit of 2 - g*(2 + 12/(-8))?
0
Let z = -21678 + 34581. What is the thousands digit of z?
2
Let b(i) = -1 - 64*i + 26 + 61 + 56. What is the hundreds digit of b(-5)?
4
Let l = 19488 - -22864. What is the thousands digit of l?
2
Let r = -26184 - -56532. What is the tens digit of r?
4
Suppose 0 = 89*t + 32*t - 8677636. What is the hundreds digit of t?
7
Let t(l) = 82*l**2 + 2*l - 1. Suppose -m - 3*p = -5*m - 5, -4 = 5*m - 3*p. Let j be t(m). Suppose d = j + 33. What is the units digit of d?
6
Suppose 4*v = -4*t + 112, 5*t + 2*v - 96 = 47. Let r = 28 - t. What is the units digit of ((-33)/2)/(r/2) + -1?
2
Suppose -5*i - 113170 = -3*w, 4*w - 31*i - 150928 = -33*i. What is the ten thousands digit of w?
3
Let x be (-33)/(-22) - 18/4. Let r be ((-14)/21)/(x/(-9)). What is the tens digit of 1/r + (-334)/(-4)?
8
Let w(x) = -2*x**2 - 2*x + 3. Let l be w(-5). Let t = l - -13. Let c = -3 - t. What is the units digit of c?
1
Suppose 0 = 1561*m - 1593*m + 437632. What is the units digit of m?
6
Let o(u) = -660*u - 9284. What is the hundreds digit of o(-56)?
6
Let h = 2000 + -344. Suppose 450 - h = -9*o. Let d = 207 - o. What is the units digit of d?
3
Suppose -3*v = 2*i - 2730, 4*i + 5*v - 5428 = 7*v. What is the tens digit of (4/(-6))/((-12)/i)*2?
5
Let c be 4/(-14) - 373*1/(-7). Let x = c + -50. What is the units digit of (-1)/x - 356/(-6)?
9
Let c = -476 - -442. What is the units digit of (c + 503)*52/14?
2
Let n(f) = -13 - 21 + 105*f - 13 - 71. What is the tens digit of n(6)?
1
Let v(y) = 20*y + 53 - 6*y + 0*y + 13*y + y**2. Let a be v(-25). Suppose 2*s = a*o + 28, 4*s + o = -32 + 88. What is the units digit of s?
4
Suppose -4*r = -3*m - 122900, 35*r + 122940 = 39*r + 2*m. What is the thousands digit of r?
0
Let p(y) = -3*y**2 - 95*y + 34. Let n be p(-32). What is the units digit of (2 - (n + -2))*17/2?
7
Suppose 3*a + 566 = 2*m - 502, -4*a - 1424 = -2*m. What is the units digit of (a/(-3))/((-8)/(-36))?
4
What is the tens digit of (-15)/(375/(-10)) - (-248731)/35?
0
Let s = -63 - -3. Let q = s + 85. Let h(r) = r**3 - 25*r**2 + 4*r + 10. What is the units digit of h(q)?
0
Let n = 27282 - 17629. What is the hundreds digit of n?
6
Suppose 2*w = 5*w - 30. Let c = -21 + w. Let g(i) = -9*i - 18. What is the tens digit of g(c)?
8
Suppose -85 - 11 = -6*o. Suppose -18 = -3*l + k + 4, -4*k - o = -4*l. Suppose -14*b + 255 = -l*b. What is the tens digit of b?
5
Suppose 10*m + 0*m - 40 = 0. Let o be -140*(-1 + 0/m). Let s = -84 + o. What is the tens digit of s?
5
Suppose -62*u - 30137 + 223943 = 12*u. What is the hundreds digit of u?
6
Let i(c) = 53*c**2 + 223*c - 871. What is the tens digit of i(4)?
6
Let x = -4 + 8. Let p = 6381 + -6381. Suppose p = -3*o + 3*h + 285, 0 = o - x*h - 122 + 42. What is the units digit of o?
0
Suppose -5*d + 298209 = -4*f, -15*f + 12*f - 1192888 = -20*d. What is the tens digit of d?
4
Suppose -2162 + 62 = -21*j. Suppose -f + 517 = j. What is the hundreds digit of f?
4
Let w = -66 + 83. Let z(c) = c**3 - 16*c**2 + 5*c + 27. What is the hundreds digit of z(w)?
4
Let m = 21784 - 10967. What is the hundreds digit of m?
8
Suppose -4*l = -17*l + 26. Suppose -l*v + 7*f - 2*f + 536 = 0, -f = v - 254. What is the tens digit of v?
5
Let i be 23 + 1 + -2 + 20/5. Suppose p + 19 = -i. Let k = p + 211. What is the tens digit of k?
6
Let m = -118 - -114. What is the units digit of 473 - ((-11)/(-4) + (-1)/m)?
0
Suppose 149*l - 140*l - 1629 = 0. Let i = 63 + -135. Let t = i + l. What is the hundreds digit of t?
1
What is the hundreds digit of (-13)/(-65) + 2734017/65?
0
Let v = 279 - -767. Let l = -358 + v. What is the units digit of l?
8
Let i = 30712 - 5872. What is the hundreds digit of i?
8
Suppose -4*s + 338 = 2*z - 0*z, 3*s + z = 253. Let p = s - 132. What is the units digit of 128/p*159/(-4)?
6
Let g(d) = 23*d - 13. Let q be (